ulate the highest common divisor of 50 and 4775.
25
Calculate the greatest common divisor of 2 and 38.
2
Calculate the greatest common factor of 56 and 5572.
28
Calculate the greatest common divisor of 274 and 42059.
137
What is the highest common divisor of 120 and 1110?
30
Calculate the highest common divisor of 35563 and 22.
11
What is the greatest common divisor of 44 and 36?
4
What is the greatest common divisor of 13212 and 36?
36
Calculate the highest common factor of 50 and 107650.
50
What is the greatest common divisor of 490 and 160?
10
Calculate the greatest common factor of 40 and 25.
5
What is the highest common factor of 1250 and 10?
10
What is the highest common divisor of 506 and 176?
22
Calculate the highest common divisor of 3337 and 94.
47
What is the highest common divisor of 564 and 2679?
141
What is the highest common divisor of 219 and 1241?
73
Calculate the highest common factor of 13 and 23374.
13
Calculate the greatest common divisor of 61 and 1.
1
What is the greatest common divisor of 82 and 8446?
82
Calculate the greatest common factor of 549 and 387.
9
What is the greatest common factor of 3 and 117?
3
Calculate the greatest common divisor of 611 and 91.
13
Calculate the highest common factor of 158 and 869.
79
Calculate the greatest common factor of 12 and 9.
3
Calculate the greatest common factor of 132 and 2880.
12
Calculate the highest common factor of 4809 and 3.
3
Calculate the highest common divisor of 11 and 176.
11
Calculate the highest common divisor of 175 and 30.
5
What is the highest common factor of 473 and 1376?
43
Calculate the highest common factor of 198 and 36.
18
Calculate the greatest common factor of 7 and 11.
1
Calculate the greatest common factor of 42 and 84.
42
Calculate the highest common divisor of 89 and 33375.
89
What is the greatest common divisor of 142 and 71?
71
Calculate the highest common factor of 144 and 1692.
36
Calculate the highest common divisor of 9 and 2637.
9
Calculate the greatest common factor of 896 and 736.
32
Calculate the greatest common factor of 2688 and 1024.
128
What is the greatest common divisor of 2600 and 416?
104
Calculate the greatest common divisor of 40 and 900.
20
What is the highest common divisor of 24 and 1230?
6
Calculate the greatest common factor of 721 and 1339.
103
Calculate the highest common factor of 176 and 77.
11
What is the highest common factor of 24 and 1464?
24
Calculate the greatest common factor of 832 and 312.
104
Calculate the greatest common factor of 1102 and 145.
29
Calculate the highest common factor of 242 and 22.
22
What is the highest common factor of 128 and 32?
32
What is the greatest common divisor of 602 and 56?
14
Calculate the highest common factor of 25 and 4925.
25
What is the greatest common factor of 99 and 162?
9
What is the greatest common divisor of 145 and 1885?
145
What is the greatest common divisor of 16 and 6?
2
What is the greatest common factor of 18 and 414?
18
Calculate the greatest common factor of 284 and 44.
4
What is the greatest common factor of 715 and 22?
11
Calculate the highest common divisor of 18 and 4986.
18
Calculate the greatest common factor of 9 and 5.
1
What is the highest common factor of 66 and 99?
33
Calculate the highest common divisor of 31 and 527.
31
What is the highest common divisor of 58 and 8?
2
Calculate the highest common factor of 184 and 88.
8
What is the greatest common divisor of 480 and 2560?
160
What is the greatest common divisor of 1 and 449?
1
What is the highest common factor of 1053 and 507?
39
Calculate the highest common divisor of 230 and 322.
46
What is the highest common divisor of 55 and 825?
55
What is the highest common factor of 11264 and 576?
64
Calculate the highest common factor of 473 and 3.
1
Calculate the highest common divisor of 364 and 2002.
182
What is the highest common factor of 108 and 342?
18
Calculate the highest common factor of 12 and 4188.
12
What is the highest common divisor of 551 and 58?
29
Calculate the highest common factor of 567 and 14.
7
What is the highest common factor of 18 and 288?
18
What is the highest common divisor of 54793 and 349?
349
Calculate the highest common factor of 9 and 1800.
9
Calculate the greatest common divisor of 1157 and 26.
13
Calculate the greatest common divisor of 6792 and 120.
24
Calculate the highest common divisor of 25118 and 76.
38
What is the highest common factor of 132 and 24?
12
What is the greatest common divisor of 28144 and 32?
16
Calculate the greatest common divisor of 3315 and 195.
195
Calculate the greatest common factor of 1236 and 12.
12
What is the highest common divisor of 1813 and 185?
37
Calculate the highest common divisor of 161 and 28.
7
What is the highest common divisor of 119 and 49?
7
What is the highest common divisor of 903 and 21?
21
Calculate the greatest common divisor of 11382 and 84.
42
What is the highest common divisor of 882 and 196?
98
What is the highest common factor of 39 and 26?
13
Calculate the greatest common divisor of 150 and 3675.
75
What is the greatest common divisor of 775 and 175?
25
Calculate the highest common factor of 418 and 88.
22
Calculate the highest common divisor of 253 and 184.
23
Calculate the highest common divisor of 308 and 1876.
28
What is the greatest common divisor of 612 and 288?
36
Calculate the highest common divisor of 543 and 4525.
181
Calculate the highest common divisor of 24 and 2904.
24
What is the greatest common divisor of 714 and 42?
42
Calculate the greatest common divisor of 1426 and 46.
46
Calculate the highest common factor of 781 and 33.
11
What is the highest common factor of 390 and 840?
30
What is the highest common divisor of 81 and 27?
27
What is the highest common divisor of 13 and 4537?
13
Calculate the greatest common factor of 14 and 91.
7
What is the greatest common factor of 195 and 10569?
39
Calculate the highest common factor of 7 and 413.
7
Calculate the highest common divisor of 3 and 831.
3
What is the highest common factor of 32 and 3280?
16
What is the greatest common divisor of 5372 and 8?
4
What is the greatest common factor of 909 and 1919?
101
What is the greatest common divisor of 8 and 9?
1
What is the greatest common divisor of 150 and 35475?
75
What is the highest common factor of 4278 and 46?
46
Calculate the highest common factor of 364 and 7917.
91
What is the greatest common divisor of 589 and 62?
31
Calculate the highest common divisor of 3885 and 315.
105
What is the greatest common factor of 68 and 272?
68
Calculate the highest common divisor of 1274 and 546.
182
What is the greatest common divisor of 5530 and 70?
70
What is the highest common factor of 299 and 26?
13
What is the greatest common divisor of 40 and 104?
8
Calculate the greatest common factor of 25 and 1975.
25
What is the greatest common divisor of 80 and 3712?
16
Calculate the highest common factor of 19 and 12502.
19
Calculate the greatest common factor of 174 and 319.
29
What is the highest common factor of 1612 and 1116?
124
What is the highest common factor of 24 and 42?
6
What is the highest common divisor of 32 and 2656?
32
Calculate the highest common divisor of 7 and 511.
7
Calculate the greatest common divisor of 1728 and 54.
54
Calculate the greatest common divisor of 1919 and 2121.
101
What is the greatest common divisor of 1794 and 78?
78
Calculate the greatest common factor of 55 and 121.
11
Calculate the greatest common factor of 3344 and 95.
19
What is the greatest common factor of 27 and 3?
3
What is the greatest common divisor of 1755 and 624?
39
Calculate the highest common divisor of 5 and 11.
1
What is the greatest common factor of 4365 and 194?
97
What is the greatest common factor of 135 and 180?
45
Calculate the greatest common factor of 116 and 29.
29
What is the greatest common factor of 230 and 644?
46
What is the highest common factor of 66 and 44?
22
Calculate the greatest common divisor of 26 and 7293.
13
Calculate the highest common factor of 517 and 47.
47
Calculate the greatest common divisor of 228 and 4332.
228
What is the greatest common factor of 10 and 120?
10
What is the highest common divisor of 382 and 33043?
191
What is the greatest common divisor of 60 and 2040?
60
Wh